is the tens digit of 37544?
4
What is the thousands digit of 84301?
4
What is the hundreds digit of 6074?
0
What is the thousands digit of 19921?
9
What is the units digit of 946?
6
What is the ten thousands digit of 37320?
3
What is the hundreds digit of 771?
7
What is the hundred thousands digit of 105617?
1
What is the units digit of 1640?
0
What is the tens digit of 10177?
7
What is the units digit of 3007?
7
What is the tens digit of 427?
2
What is the hundreds digit of 1695?
6
What is the units digit of 59858?
8
What is the tens digit of 9836?
3
What is the tens digit of 1504?
0
What is the hundreds digit of 8598?
5
What is the tens digit of 28230?
3
What is the ten thousands digit of 61582?
6
What is the units digit of 504?
4
What is the tens digit of 899?
9
What is the hundreds digit of 28824?
8
What is the hundreds digit of 3099?
0
What is the thousands digit of 7089?
7
What is the tens digit of 97772?
7
What is the thousands digit of 16153?
6
What is the units digit of 39001?
1
What is the hundreds digit of 5364?
3
What is the thousands digit of 4365?
4
What is the tens digit of 6357?
5
What is the ten thousands digit of 11635?
1
What is the hundreds digit of 375?
3
What is the tens digit of 6150?
5
What is the tens digit of 105114?
1
What is the thousands digit of 5154?
5
What is the hundreds digit of 1463?
4
What is the units digit of 971?
1
What is the units digit of 81888?
8
What is the units digit of 576?
6
What is the tens digit of 21606?
0
What is the hundreds digit of 5809?
8
What is the hundreds digit of 832?
8
What is the hundreds digit of 32360?
3
What is the thousands digit of 24541?
4
What is the units digit of 2407?
7
What is the ten thousands digit of 42162?
4
What is the tens digit of 25507?
0
What is the units digit of 223?
3
What is the ten thousands digit of 39733?
3
What is the hundreds digit of 9163?
1
What is the hundreds digit of 2092?
0
What is the hundreds digit of 787?
7
What is the units digit of 65451?
1
What is the thousands digit of 37811?
7
What is the hundreds digit of 4068?
0
What is the hundreds digit of 24724?
7
What is the thousands digit of 52246?
2
What is the thousands digit of 3807?
3
What is the tens digit of 3438?
3
What is the tens digit of 20184?
8
What is the ten thousands digit of 12155?
1
What is the thousands digit of 131940?
1
What is the tens digit of 430?
3
What is the units digit of 4143?
3
What is the tens digit of 4521?
2
What is the hundreds digit of 8645?
6
What is the hundreds digit of 5439?
4
What is the units digit of 219?
9
What is the hundreds digit of 392?
3
What is the tens digit of 2328?
2
What is the hundreds digit of 328?
3
What is the units digit of 13528?
8
What is the hundreds digit of 4703?
7
What is the thousands digit of 77696?
7
What is the hundreds digit of 963?
9
What is the tens digit of 422?
2
What is the tens digit of 627?
2
What is the ten thousands digit of 40116?
4
What is the thousands digit of 179737?
9
What is the hundreds digit of 173?
1
What is the ten thousands digit of 35450?
3
What is the thousands digit of 46292?
6
What is the hundreds digit of 3862?
8
What is the tens digit of 2381?
8
What is the tens digit of 36536?
3
What is the units digit of 76?
6
What is the units digit of 4952?
2
What is the units digit of 2065?
5
What is the units digit of 977?
7
What is the units digit of 53987?
7
What is the thousands digit of 13954?
3
What is the ten thousands digit of 40567?
4
What is the ten thousands digit of 42374?
4
What is the ten thousands digit of 10341?
1
What is the hundreds digit of 99433?
4
What is the thousands digit of 4409?
4
What is the ten thousands digit of 18519?
1
What is the thousands digit of 16210?
6
What is the thousands digit of 1401?
1
What is the units digit of 15072?
2
What is the tens digit of 7044?
4
What is the tens digit of 650?
5
What is the units digit of 5171?
1
What is the tens digit of 3636?
3
What is the hundreds digit of 820?
8
What is the hundreds digit of 143097?
0
What is the thousands digit of 36231?
6
What is the thousands digit of 97930?
7
What is the tens digit of 3315?
1
What is the hundreds digit of 2562?
5
What is the tens digit of 2009?
0
What is the units digit of 542?
2
What is the thousands digit of 11977?
1
What is the hundreds digit of 1224?
2
What is the units digit of 1873?
3
What is the tens digit of 1186?
8
What is the units digit of 25?
5
What is the units digit of 704?
4
What is the tens digit of 11048?
4
What is the hundreds digit of 3455?
4
What is the thousands digit of 3027?
3
What is the ten thousands digit of 82387?
8
What is the units digit of 5737?
7
What is the thousands digit of 65373?
5
What is the thousands digit of 14518?
4
What is the ten thousands digit of 23119?
2
What is the tens digit of 360?
6
What is the hundreds digit of 74672?
6
What is the units digit of 62000?
0
What is the thousands digit of 1500?
1
What is the tens digit of 2671?
7
What is the hundreds digit of 930?
9
What is the units digit of 87?
7
What is the tens digit of 29494?
9
What is the units digit of 3363?
3
What is the units digit of 6401?
1
What is the thousands digit of 57485?
7
What is the hundreds digit of 18075?
0
What is the units digit of 2548?
8
What is the hundreds digit of 1912?
9
What is the thousands digit of 14841?
4
What is the hundreds digit of 114752?
7
What is the hundreds digit of 48869?
8
What is the units digit of 58?
8
What is the hundreds digit of 16492?
4
What is the hundreds digit of 13407?
4
What is the units digit of 5941?
1
What is the hundred thousands digit of 107450?
1
What is the hundreds digit of 713?
7
What is the tens digit of 18443?
4
What is the tens digit of 547?
4
What is the tens digit of 146?
4
What is the units digit of 15?
5
What is the units digit of 68176?
6
What is the hundreds digit of 471?
4
What is the hundreds digit of 1354?
3
What is the ten thousands digit of 44629?
4
What is the units digit of 7492?
2
What is the units digit of 823?
3
What is the thousands digit of 36169?
6
What is the tens digit of 1717?
1
What is the hundreds digit of 230?
2
What is the tens digit of 17086?
8
What is the thousands digit of 85037?
5
What is the hundreds digit of 1460?
4
What is the ten thousands digit of 12160?
1
What is the ten thousands digit of 38123?
3
What is the hundreds digit of 43809?
8
What is the hundreds digit of 5117?
1
What is the hundreds digit of 5123?
1
What is the ten thousands digit of 17231?
1
What is the units digit of 1028?
8
What is the hundreds digit of 5901?
9
What is the units digit of 20810?
0
What is the units digit of 3700?
0
What is the hundreds digit of 3869?
8
What is the hundreds digit of 31773?
7
What is the hundreds digit of 9144?
1
What is the hundreds digit of 3619?
6
What is the thousands digit of 2025?
2
What is the thousands digit of 1435?
1
What is the thousands digit of 1016?
1
What is the ten thousands digit of 13542?
1
What is the thousands digit of 10107?
0
What is the thousands digit of 26253?
6
What is the hundreds digit of 2917?
9
What is the ten thousands digit of 27409?
2
What is the ten thousands digit of 31761?
3
What is the tens digit of 3550?
5
What is the tens digit of 18828?
2
What is the hundred thousands digit of 105881?
1
What is the hundreds digit of 4863?
8
What is the thousands digit of 51402?
1
What is the tens digit of 657?
5
What is the hundreds digit of 1170?
1
What is the ten thousands digit of 12465?
1
What is the thousands digit of 27651?
7
What is the tens digit of 107?
0
What is the ten thousands digit of 28070?
2
What is the tens digit of 13546?
4
What is the hundreds digit of 544?
5
What is the hundreds digit of 287?
2
What is the units digit of 11004?
4
What is the hundreds digit of 11247?
2
What is the ten thousands digit of 22418?
2
What is the hundreds digit of 3083?
0
What is the units digit of 3044?
4
What is the hundreds digit of 3403?
4
What is the tens digit of 86121?
2
What is the units digit of 1398?
8
What is the thousands digit of 1434?
1
What is the thousands digit of 6339?
6
What is the units digit of 2882?
2
What is the tens digit of 1291?
9
What is the tens digit of 3148?
4
What is the thousands digit of 98837?
8
What is the units digit of 635?
5
What is the tens digit of 100?